ide 1624?
True
Is 2 a factor of 6455?
False
Does 78 divide 20436?
True
Is 9702 a multiple of 14?
True
Is 154 a factor of 10934?
True
Does 9 divide 172?
False
Does 10 divide 4066?
False
Is 6 a factor of 882?
True
Is 1308 a multiple of 12?
True
Does 26 divide 569?
False
Is 52 a factor of 3744?
True
Is 30 a factor of 6540?
True
Is 38533 a multiple of 7?
False
Is 4412 a multiple of 7?
False
Is 25086 a multiple of 74?
True
Does 19 divide 85367?
True
Is 4976 a multiple of 155?
False
Does 5 divide 2555?
True
Is 4850 a multiple of 19?
False
Is 23 a factor of 1886?
True
Does 20 divide 5160?
True
Does 22 divide 440?
True
Does 46 divide 6337?
False
Does 15 divide 2681?
False
Is 11 a factor of 5660?
False
Is 5 a factor of 835?
True
Does 31 divide 75121?
False
Is 29 a factor of 1359?
False
Is 5 a factor of 7848?
False
Is 616 a multiple of 11?
True
Is 10 a factor of 1230?
True
Is 91 a factor of 3599?
False
Is 15 a factor of 19400?
False
Is 74 a factor of 5180?
True
Does 7 divide 42?
True
Does 23 divide 2065?
False
Is 59 a factor of 675?
False
Is 17 a factor of 10506?
True
Does 50 divide 1429?
False
Does 12 divide 5904?
True
Does 12 divide 38?
False
Is 45 a factor of 2225?
False
Is 730 a multiple of 32?
False
Is 18 a factor of 144?
True
Does 13 divide 27521?
True
Is 2 a factor of 624?
True
Does 11 divide 2452?
False
Is 3460 a multiple of 8?
False
Does 89 divide 5489?
False
Is 4150 a multiple of 10?
True
Is 16 a factor of 9152?
True
Is 1325 a multiple of 27?
False
Does 5 divide 45?
True
Is 70 a multiple of 10?
True
Does 59 divide 5487?
True
Does 8 divide 9616?
True
Is 16 a factor of 1072?
True
Is 16406 a multiple of 168?
False
Is 3 a factor of 4552?
False
Is 18 a factor of 4284?
True
Is 1493 a multiple of 52?
False
Is 376 a multiple of 8?
True
Is 52 a factor of 780?
True
Does 22 divide 24717?
False
Is 12 a factor of 38508?
True
Is 9 a factor of 11997?
True
Does 15 divide 71917?
False
Is 1192 a multiple of 8?
True
Is 66 a factor of 105521?
False
Does 51 divide 12597?
True
Does 15 divide 46370?
False
Is 9 a factor of 711?
True
Is 123 a factor of 3703?
False
Does 12 divide 132?
True
Is 33 a factor of 627?
True
Does 31 divide 1488?
True
Is 4 a factor of 36?
True
Does 138 divide 44436?
True
Does 33 divide 792?
True
Is 18 a factor of 174?
False
Does 26 divide 14456?
True
Is 22 a factor of 2662?
True
Does 37 divide 1888?
False
Is 11 a factor of 741?
False
Is 3273 a multiple of 14?
False
Does 3 divide 200?
False
Does 4 divide 137?
False
Is 23 a factor of 213?
False
Is 93 a factor of 1999?
False
Is 704 a multiple of 53?
False
Does 27 divide 520?
False
Is 35 a factor of 18095?
True
Is 13014 a multiple of 27?
True
Is 3 a factor of 212?
False
Is 40 a factor of 4520?
True
Does 2 divide 747?
False
Is 3955 a multiple of 35?
True
Is 30 a factor of 657?
False
Is 4215 a multiple of 33?
False
Is 9186 a multiple of 6?
True
Is 3 a factor of 4639?
False
Is 29 a factor of 2436?
True
Is 68 a factor of 6330?
False
Is 10659 a multiple of 17?
True
Is 1518 even?
True
Is 43449 a multiple of 203?
False
Is 442 a multiple of 13?
True
Does 37 divide 6771?
True
Does 3 divide 65?
False
Is 2076 a multiple of 6?
True
Is 39 a factor of 1989?
True
Is 65 a factor of 2600?
True
Is 29 a factor of 59624?
True
Is 29 a factor of 15806?
False
Is 3210 a multiple of 21?
False
Is 428 a multiple of 65?
False
Is 45 a factor of 38070?
True
Does 36 divide 36?
True
Is 10538 a multiple of 11?
True
Does 7 divide 362?
False
Is 28 a multiple of 4?
True
Is 25 a factor of 1080?
False
Is 25 a factor of 1125?
True
Does 3 divide 934?
False
Is 124 a factor of 230?
False
Is 25 a factor of 607?
False
Does 13 divide 299?
True
Does 13 divide 273?
True
Is 39 a multiple of 23?
False
Does 3 divide 1186?
False
Does 12 divide 2311?
False
Is 10878 a multiple of 73?
False
Does 71 divide 1988?
True
Does 116 divide 7417?
False
Does 39 divide 3042?
True
Does 36 divide 22500?
True
Is 8 a factor of 6566?
False
Does 28 divide 1032?
False
Does 18 divide 3157?
False
Is 65 a factor of 40365?
True
Is 12726 a multiple of 122?
False
Does 38 divide 1330?
True
Does 2 divide 58?
True
Does 7 divide 3707?
False
Does 16 divide 2112?
True
Is 66 a multiple of 11?
True
Does 19 divide 4503?
True
Is 19 a factor of 8757?
False
Is 1003 a multiple of 59?
True
Does 4 divide 65?
False
Is 11390 a multiple of 85?
True
Does 37 divide 77019?
False
Is 462 a multiple of 66?
True
Is 5 a factor of 825?
True
Does 4 divide 37?
False
Is 183 a multiple of 61?
True
Is 8439 a multiple of 291?
True
Does 5 divide 14840?
True
Is 20856 a multiple of 44?
True
Does 42 divide 21738?
False
Does 76 divide 1520?
True
Does 111 divide 20091?
True
Does 5 divide 149?
False
Is 816 a multiple of 51?
True
Is 836 a multiple of 39?
False
Is 11937 a multiple of 69?
True
Does 9 divide 117?
True
Does 59 divide 1664?
False
Is 2826 a multiple of 20?
False
Is 13 a factor of 6071?
True
Is 361 a multiple of 19?
True
Is 90 a multiple of 12?
False
Is 22 a factor of 139744?
True
Is 19 a factor of 929?
False
Is 5 a factor of 12519?
False
Is 3096 a multiple of 23?
False
Is 707 a multiple of 16?
False
Is 6572 a multiple of 15?
False
Is 83 a factor of 4598?
False
Does 19 divide 1272?
False
Is 2989 a multiple of 24?
False
Is 6 a factor of 72?
True
Is 17585 a multiple of 5?
True
Is 40 a factor of 3480?
True
Does 33 divide 2886?
False
Is 239 a factor of 104728?
False
Does 5 divide 4331?
False
Is 1580 a multiple of 10?
True
Does 56 divide 1211?
False
Is 6 a factor of 894?
True
Does 7 divide 2107?
True
Is 71925 a multiple of 7?
True
Is 23640 a multiple of 138?
False
Does 79 divide 40697?
False
Is 39 a factor of 48282?
True
Does 56 divide 1450?
False
Is 114 a factor of 24550?
False
Does 6 divide 8200?
False
Is 7656 a multiple of 15?
False
Is 35 a factor of 67410?
True
Is 33818 a multiple of 210?
False
Does 5 divide 14?
False
Does 8 divide 408?
True
Does 14 divide 3278?
False
Is 5780 a multiple of 5?
True
Is 25072 a multiple of 8?
True
Does 32 divide 4288?
True
Is 11902 a multiple of 6?
False
Does 8 divide 32?
True
Does 3 divide 793?
False
Does 2 divide 168?
True
Does 22 divide 6837?
False
Does 29 divide 12316?
False
Does 245 divide 24255?
True
Is 4248 a multiple of 22?
False
Is 228 a multiple of 38?
True
Is 50 a factor of 3570?
False
Is 8 a factor of 2116?
False
Does 5 divide 2905?
True
Is 124 a factor of 9108?
False
Is 12 a factor of 5893?
False
Is 393 a factor of 44016?
True
Is 4 a factor of 105?
False
Is 5 a factor of 4095?
True
Does 57 divide 1311?
True
Is 23 a factor of 1035?
True
Does 2 divide 121?
False
Is 5850 a multiple of 45?
True
Is 4415 a multiple of 2?
False
Is 3593 even?
False
Is 11 a factor of 122194?
False
Is 20800 a multiple of 200?
True
Does 6 divide 570?
True
Does 8 divide 104?
True
Does 75 divide 75?
True
Is 7 a factor of 7127?
False
Does 8 divide 1546?
False
Does 116 divide 8584?
True
Is 16000 a multiple of 100?
True
Does 75 divide 14652?
False
Does 31 divide 1279?
False
Is 16 a factor of 8176?
True
Does 51 divide 430?
False
Does 10 divide 23051?
False
Is 6905 a multiple of 44?
False
Is 3576 a multiple of 10?
False
Is 8 a factor of 5396?
False
Is 3 a factor of 286?
False
Does 7 divide 2409?
False
Is 1080 a multiple of 8?
True
Does 14 divide 4438?
True
Is 11 a factor of 5132?
False
Does 8 divide 24400?
True
Is 10 a factor of 930?
True
Is 123 a factor of 10987?
False
Is 84 a factor of 10248?
True
Does 25 divide 310?
False
Is 19 a factor of 92017?
True
Is 5 a factor of 6450?
True
Does 94 divide 4580?
False
Is 29 a factor of 580?
True
Is 4913 a multiple of 24?
False
Does 62 divide 744?
True
Is 18 a factor of 33246?
True
Does 45 divide 1350?
True
Does 117 divide 5969?
False
Is 169 a factor of 128088?
False
Is 74050 a multiple of 333?
False
Is 51477 a multiple of 55?
False
Is 16 a factor of 2320?
True
Does 52 divide 7061?
False
Does 106 divide 38796?
True
Is 9234 a multiple of 114?
True
Does 4 divide 190?
False
Is 25 a factor of 625?
True
Does 7 divide 17472?
True
Is 5100 a multiple of 30?
True
Is 23 a factor of 766?
False
Does 7 divide 238?
True
Does 17 divide 4250?
True
Is 384 a multiple of 12?
True
Is 3664 a multiple of 32?
False
Is 3200 a multiple of 8?
True
Is 125 a factor of 60533?
False
Is 115 a factor of 8788?
False
Is 144 a factor of 2160?
True
Is 143 a factor of 78073?
False
Is 16391